
13
-2 + (16 - 18) + 9
5
Calculate 14 + -39 + 37 - (5 - (0 - -1)).
8
Calculate 5 + (-3 - (-11 - -19)).
-6
Calculate 156 + -161 + -7 + 47.
35
Calculate 17 + (-29 - -8) + (9 - -1).
6
-30 + 3 + 13 + 11 + -22
-25
What is the value of 12 + -6 + (17 - 13) + -14?
-4
Evaluate (4 - 3) + (21 + -9 - 10).
3
What is (115 - 120) + (0 - -7) - 6?
-4
Calculate 7 + (7 - (1 - -1 - (1 - 2))).
11
What is (14 - 5) + -17 - -12?
4
28 + -1 + -22 - (-10 - 1)
16
Calculate 20 - (12 - (-1 + -4 - -2 - -7)).
12
What is the value of 10 - (14 - 10 - 3)?
9
-1 + 14 - (-26 + 65 + -20)
-6
What is the value of -3 - (-2 + 10 + -12 + (-18 - 0))?
19
What is 5 - (-13 - -11) - 3?
4
Evaluate 0 + 18 - (-6 + -1 + 14).
11
Evaluate 44 + -53 + -1 + 0.
-10
What is -4 - ((13 - 12) + 5) - (2 - 0)?
-12
Evaluate 15 + (-17 - -8) + 8 - 3.
11
Calculate (-11 - -1 - (-297 - -304)) + 3.
-14
3 - 1 - 37 - (-458 + 455)
-32
What is the value of -12 + -20 + (0 - -25)?
-7
3 + -23 + 16 + 16
12
Calculate -2 + 19 - (-7 + -1 + -1 + 8).
18
Evaluate -2 + 10 + (-10 + (19 - 3) - 12).
2
8 + (69 - 61) + (7 - 0)
23
Calculate 13 + (8 - (27 - 3)).
-3
Evaluate (1 - 59) + (-173 - -209).
-22
2 + -11 - -27 - (-2 + -3)
23
What is the value of -26 + 18 - (-2 - 1 - -7) - -5?
-7
Calculate -10 + (-1 - (16 + -25 + 14)).
-16
What is the value of 22 - (-23 + (25 - 8) - -16)?
12
Evaluate 0 + -7 - (22 - 21 - 4).
-4
What is the value of (-6 - 8) + (4 - 10)?
-20
Evaluate -4 + (-20 - -17) + (-1 - (2 + 1)).
-11
Calculate (-2 + 3 + 0 - 4) + 9.
6
Evaluate (165 - 159) + (0 - (-1 + 2)).
5
1 + 7 + (-1 - 10) - -20
17
Calculate -1 + 2 - (7 + (0 - 7)).
1
-6 + 0 + (0 - 1) + (-859 - -853)
-13
What is the value of 0 + 1 + (15 - (-2 - -30) - -1)?
-11
Calculate 10 - (3 + 0) - (1 + 23 + -44).
27
Evaluate 13 + -50 + (1 - -16) + -5.
-25
18 - (-3 + (12 - 2))
11
What is 8 - (-11 + (27 - -8))?
-16
Calculate 20 - (-18 - -19) - 24.
-5
What is (-1 - 2) + (-21 - -3 - -5)?
-16
Evaluate 69 + -3 + -32 - 31.
3
What is the value of -9 + (-18 - -5 - -2) + 7 - -6?
-7
Evaluate -2 + 4 + 63 + -62.
3
What is (43 - (39 + -17)) + -5?
16
What is 23 - (-22 - -51 - -10)?
-16
What is the value of 1 + (-3 - (-16 + 9 + -9))?
14
Calculate -1484 + 1476 - (9 - 1 - 1 - -1).
-16
What is the value of (-4 - (12 - 9)) + (2 - 8)?
-13
Evaluate 4 + 19 + -7 - (2 - -9).
5
22 + (10 - (-18 + 51))
-1
What is the value of (5 - (-2 - -10)) + 5 - -6?
8
(27 + -65 - (1 + -12)) + (0 - -9)
-18
What is the value of -74 - -78 - (0 - (0 - (-1 - -8)))?
-3
-9 + -6 + 4 - ((5 - 14) + 4)
-6
What is 6 - -30 - (81 - 62)?
17
What is the value of -1 - 26 - ((-28 - -14) + (5 - -15))?
-33
What is the value of 16 - 16 - (-16 + (1 - 0))?
15
Calculate (-28 - -15 - -21) + 1 + (0 - 51).
-42
What is -26 - -29 - -1 - 20?
-16
What is 6 - (-25 + -1 - -6 - -9)?
17
What is the value of 7 + (-35 + 3 - (-9 - 0))?
-16
What is the value of 11 + (-5 - -2) - (-14 - (-2 + 6))?
26
What is 12 + 0 - (23 + -4 + -7 + -2)?
2
What is the value of -37 + (-1 - -20 - (-10 - -28))?
-36
(10 - 9) + 8 - 1 - 8
0
7 - (-4 + (0 - -6) - (3 + -15))
-7
(27 - 19) + 5 + -15 + -1 + -3
-6
Evaluate 0 - (-6 + 10 + 3 + -7).
0
What is 4 - 5 - -17 - 1?
15
What is 4 + 8 + -19 + 21 + 0 + 4?
18
(2 - -21) + -24 + 13 - 0
12
What is -4 - (1 + 8 + -14 + (-9 - 0))?
10
Calculate 4 - (8 + 3 + -8).
1
What is (-3 - -19) + -9 + 5 + -1 + 12?
23
What is the value of 59 + -60 - (-11 - (-2 + 1))?
9
Calculate (4 - 4) + (1 - -3 - (6 + -5)).
3
What is 8 + (6 - 7 - 6) - (1 + -2)?
2
What is -21 - (-28 + (10 - 14))?
11
Calculate -8 + (-5 - (-2 + -13 + 8)).
-6
Calculate (2 - (0 + 2) - -2) + (-226 - -200).
-24
What is the value of 0 + (1 - 4) + (-1 - -6)?
2
Evaluate -1 + 7 + (-17 - (-5 - 16)).
10
What is the value of (26 - (-1 + 30)) + (1 - 9)?
-11
Evaluate (-8 + (6 - -3) - 3) + 0.
-2
Evaluate -7 + (3 - 0) + (8 - (-7 + -7)).
18
Evaluate 382 + -376 - (29 + -1).
-22
What is the value of -1 + 1 + 23 + -848 + 849?
24
1 + -1 - (-13 - 1 - (103 - 115))
2
Evaluate (14 - 18) + (1 - (-5 - -5 - 43)).
40
Calculate -1 + -1 - (4 + 4 + -1 + -9).
0
What is 243 + -185 + 1 + -25 + (-9 - 1)?
24
Evaluate -10 - (-19 + 15 - -12 - 21).
3
Calculate (69 - 14) + (-10 - 2) - (14 - 6).
35
Evaluate -46 + 45 + -6 + 12 + -22.
-17
-26 + (9 - (11 + -11 + 11 + -9))
-19
What is the value of -25 + 7 - (53 - 44)?
-27
Calculate (13 - (11 + 20)) + 23.
5
Evaluate 0 + -8 + 8 + 1 + -26 + 23.
-2
4 + (4 + -4 - 6) + (-4 - -6)
0
-7 + (7 - (13 + 0)) + 1 + 8
-4
Evaluate -3 + -1 + (-23 - (-13 + -10)).
-4
Calculate (-422 - -441) + -15 + 1.
5
-122 + 96 - (7 - -1 - 3)
-31
Calculate (8 - 18) + 15 + (5 - -2).
12
(-21 - -44) + -20 - (1 + -21)
23
Calculate -5 - ((2 - 1) + -2 + -9 + 20).
-15
What is the value of -3 + 1 + -2 - (-38 + 29)?
5
(-3 - (1 - -6 - -9)) + 7
-12
What is the value of (2 + 1 + (-87 - -87) - 4) + 11?
10
What is 30 + 4 + -11 - -2?
25
What is 33 - (39 + -49 + (8 - (-3 - -6)))?
38
Calculate (0 - 1) + (-14 - -13) + 12.
10
What is (87 - 49) + (-67 - 3)?
-32
What is the value of (4 - -7) + -15 + 8?
4
What is the value of (101 - 52) + -41 - (-10 + -1 + 0)?
19
What is the value of 3 + 11 + 2 - 17?
-1
What is -8 + 15 + -3 - 6 - 9?
-11
What is the value of (1 - (66 + -30)) + (10 - 0)?
-25
What is 0 - ((2 - -3) + 5) - 1?
-11
What is the value of (1 - (31 + -9)) + 0 + 4 + 6?
-11
Calculate 11 - 4 - (-11 + 52 - 4) - -3.
-27
What is the value of 33 - 24 - (7 - (-2 + 3))?
3
What is 17 - 0 - (4 - (10 - 13))?
10
Evaluate 3 + -2 + -3 + (0 - (17 + 2)).
-21
What is the value of -2 + 1 + 1 - 6 - 1?
-7
Evaluate -7 - ((8 - (1 - -3)) + (5 - 28)).
12
What is -29 + 26 + (3 - (1 + -3))?
2
What is -11 + -1 + 9 + 0 + -16 + 7?
-12
Evaluate (-42 - (-17 + 4)) + 16.
-13
21 - (24 - (-3 - -18))
12
What is (3 - (-4 - -1)) + 0 + -2?
4
6 + -9 - 1 - ((-1 - -1) + -2)
-2
What is the value of 3 + (-10 - -4) + (0 + 0 - 0)?
-3
Evaluate 5 + 0 + -6 + -4 + -3 + 4.
-4
What is 13 - (-9 + 33 - -9)?
-20
Evaluate 4 + (0 - -3) + 4 + 5 + -13.
3
What is the value of 11 + (-26 - (-18 - -16))?
-13
25 - 96 - -66 - (-30 - -1)
24
Calculate (-11 - 6) + -9 - -20.
-6
What is 60 + -55 - (2 - (14 - -2))?
19
What is the value of 30 + (56 - 26) + -72?
-12
-2 + 8 + (-27 + 37 - (2 + -6))
20
-17 + -5 + -12 + 48
14
What is the value of (28 - (-35 + 64)) + (23 - (-1 - -1))?
22
What is the value of 14 + -18 + 6 - -13?
15
Calculate -5 + (20 - -1 - (-83 + 89)).
10
(5 - (27 + -6) - 1) + 3
-14
What is the value of (-10 - -9 - 12) + 23?
10
Evaluate 186 + -189 - ((-1 + 2 - 2) + -4).
2
What is -9 + -1 + (37 - 26)?
1
Evaluate (-2 - 3 - -8) + -8.
-5
What is 1 + 0 + 0 + -23 - (-707 + 711)?
-26
Calculate (39 - (-32 + 35)) + -18.
18
Evaluate -26 + 13 + 24 - -5.
16
Evaluate 23 + 57 + -19 + -64.
-3
What is the value of -9 - (2 - (-1 + 1 + (-57 - -58)))?
-10
125 + -120 - ((-4 - -3) + (2 - 7))
11
What is the value of (1 - -11) + (57 - 104 - -49)?
14
What is the value of (-4 - (1 + -10)) + -11 + 5?
-1
What is (-11 - -6) + (-8 - -5) + 11?
3
Evaluate 6 - (-7 + -1 - (23 + -8 - 20)).
9
Evaluate (-1 - 37) + -120 + 170.
12
What is (7 - (8 + -7)) + (-14 - -10)?
2
Evaluate -3 + 21 + -23 + 8 + 1 + -2.
2
Evaluate -7 - (-1 + 2 + 4 + 5 + -6).
-11
Calculate -15 - (-10 - -1 - -4 - 8).
-2
Evaluate 31 - (-28 - -32 - -4).
23
Calculate 5 + 10 + -7 + 4.
12
Calculate -3 + -3 + (-7 + -16 - -29).
0
What is 0 - (-5 + -2) - (-2 - (37 + -24))?
22
Evaluate 19 - (16 + -18 + 18).
3
Evaluate 6 - (-7 + (-37 - -31)).
19
Evaluate -26 - (11 - 18 - -2).
-21
What is -3 - (-14 + 7 + 5 + -14)?
13
2 - ((-42 - -36) + (-1 - (-12 + 1)))
-2
What is 2 + (-2 - -8) + 8 + (41 - 53)?
4
What is 28 - 1 - 7 - (22 - 12)?
10
What is -3 + -13 - (14 + (-27 - -11))?
-14
Evaluate (-58 - -25) + (0 + 7 - -3).
-23
Evaluate (-4 - (-1 - (-3 - -16))) + -5.
5
Evaluate 29 + (1 - (0 - -12)).
18
Calculate 9 - (39 - 9 - (7 - 0)).
-14
What is the value of -11 + -13 + (11 + (6 - 10) - 1)?
-18
Calculate -8 + (6 - (-7 + 7 + 6)).
-8
-6 + 13 + (-26 - (-3 + 1 - -1))
-18
What is (-5 - -16) + (-14 - 7)?
-10
Evaluate 3 - 2 - (-36 + 31).
6
What is -1 - (10 + -7 + (1 - 1)) - -10?
6
Evaluate 1 - (-11 + 23 + 11).
-22
Evaluate (2 + -3 - (-17 - 1)) + -25 + 20.
12
Calculate 13 + 18 + -22 - -10.
19
Evaluate (-324 - -303) + (-5 - (4 + -8)).
-22
Calculate 17 + -4 + -26 - -23.
10
What is the value of 18 - ((1 - 0) + (6 - (7 + -6)))?
12
1418 + -1389 + (3 - (12 + -2))
22
What is the value of (-2 